30c (base 13) to base 3.
211200111102
Convert -10111111011000101 (base 2) to base 10.
-97989
What is -ba683a (base 13) in base 16?
-42e6a0
Convert 13333232 (base 6) to base 4.
1231111310
Convert 3442981 (base 11) to base 8.
26760253
What is 64b335 (base 14) in base 5?
1333131202
What is -56675 (base 8) in base 15?
-719c
133221235 (base 6) to base 2
1010001101110001010111
Convert 86399a (base 12) to base 5.
1020343140
Convert 13177137 (base 8) to base 3.
12112210212020
What is -2a04b5 (base 12) in base 16?
-ac4c9
What is 4038a (base 14) in base 2?
100101101100000110
What is 23414234 (base 7) in base 2?
111111001101001110101
20312003 (base 4) to base 5
2124402
What is -15851881 (base 9) in base 14?
-10ac101
-baa27 (base 12) to base 11
-159507
What is -2021022020102 (base 3) in base 6?
-41510232
What is 25a738 (base 16) in base 4?
21122130320
-2122001120000 (base 3) to base 7
-14613426
Convert 155ba36 (base 12) to base 13.
b95c23
3405423 (base 6) to base 15
360c6
Convert 20212210112100 (base 3) to base 2.
1101111100110101011011
12311030221 (base 4) to base 15
2558e1
What is -aa16424 (base 11) in base 14?
-27d969b
What is -31303302 (base 4) in base 2?
-1101110011110010
What is 343313 (base 6) in base 12?
14b39
What is -1490558 (base 12) in base 8?
-17716024
Convert -132552110 (base 6) to base 13.
-721125
Convert 101010100001100001011001 (base 2) to base 15.
ea2dbd
Convert 504270 (base 12) to base 11.
785257
-219c262 (base 14) to base 16
-f3c66e
What is 250460503 (base 7) in base 11?
8973642
3c093 (base 13) to base 16
1b627
466a2 (base 11) to base 12
32bb8
Convert 91c261 (base 13) to base 6.
200450431
Convert 110213140 (base 5) to base 14.
c56b3
Convert -5531115 (base 6) to base 11.
-179662
What is 1b4e48 (base 15) in base 11?
83052a
What is dc352 (base 15) in base 10?
699377
30878 (base 12) to base 2
1111011111011100
Convert -24100310 (base 5) to base 2.
-110110001100000011
What is 454640 (base 7) in base 5?
10042202
63a03 (base 11) to base 5
10434202
878b (base 13) to base 8
44672
What is -c5fec (base 16) in base 15?
-11045d
6435818 (base 11) to base 9
23271143
92aa25 (base 11) to base 15
1e76c8
What is -331636 (base 7) in base 12?
-29894
3c59cb (base 14) to base 11
11a8386
What is -1c6cb (base 13) in base 14?
-16638
What is 10121202221102 (base 3) in base 5?
443041032
What is 624a7 (base 13) in base 3?
22222012202
Convert -23101130 (base 4) to base 11.
-31765
What is 2133299 (base 14) in base 9?
32521020
Convert 3648 (base 16) to base 12.
8060
Convert -ba3404 (base 13) to base 12.
-1571068
Convert 2050315 (base 6) to base 13.
36626
Convert 62f57 (base 16) to base 8.
1427527
Convert 439a6 (base 16) to base 15.
570a2
-5160196 (base 10) to base 2
-10011101011110100000100
Convert 6aee (base 15) to base 9.
34148
Convert -20010210010 (base 3) to base 12.
-59b33
What is 20103300010 (base 4) in base 15?
2d0537
196911 (base 12) to base 7
3541411
What is 3a7070 (base 11) in base 3?
1012110111002
Convert -10304531 (base 7) to base 15.
-124688
What is -4173303 (base 11) in base 2?
-11100000011011100011101
What is -111010001011010111 (base 2) in base 9?
-402782
What is 11221435 (base 6) in base 9?
575365
What is 22110000220 (base 3) in base 2?
101000100101011100
-101010100101101111011 (base 2) to base 11
-873579
Convert 1100010101100110100 (base 2) to base 4.
1202230310
-320234 (base 11) to base 8
-1751312
228167 (base 9) to base 6
2535054
Convert -21020010020 (base 3) to base 9.
-236106
1366086 (base 10) to base 12
55a686
d1bdb8 (base 16) to base 7
224556420
Convert -130204010 (base 5) to base 10.
-631755
Convert -204538 (base 11) to base 10.
-328072
402122012 (base 5) to base 7
16405002
2ab10 (base 14) to base 13
395ab
Convert -16628 (base 14) to base 11.
-39163
What is -110101001010001001 (base 2) in base 8?
-651211
What is 348168 (base 10) in base 14?
90c52
What is 1021110002100202 (base 3) in base 14?
2607887
Convert 1000111111010111011 (base 2) to base 12.
12258b
444628 (base 12) to base 10
1086080
-2512211 (base 6) to base 7
-1065445
235211 (base 8) to base 12
3a721
-433236 (base 8) to base 7
-1142620
-1033123033 (base 4) to base 11
-202472
What is 33806 (base 15) in base 14?
439a6
What is -15269a (base 12) in base 6?
-11352314
What is 1011133021 (base 4) in base 8?
1053711
What is -24bd1 (base 16) in base 10?
-150481
370a4 (base 14) to base 15
29d35
Convert 12002010200021 (base 3) to base 6.
133504311
Convert -105265036 (base 7) to base 6.
-345122344
-18383861 (base 9) to base 16
-8d674e
Convert 10100110000110011001111 (base 2) to base 12.
19a58bb
Convert 60875 (base 11) to base 7.
520113
-2121115 (base 6) to base 3
-12021120202
Convert -5df3b (base 16) to base 10.
-384827
1100110111001110010001 (base 2) to base 10
3371921
Convert -11963a (base 13) to base 7.
-3401334
What is 5326045 (base 9) in base 12?
b56495
-10001110101000100111 (base 2) to base 10
-584231
What is 52335 (base 8) in base 15?
6685
Convert -3264432 (base 10) to base 7.
-36514203
Convert -2102121110 (base 3) to base 4.
-23223111
What is -1107027 (base 8) in base 7?
-2352214
What is 425a9 (base 12) in base 16?
154d1
What is 4d7106 (base 15) in base 6?
211415453
What is -120100221 (base 3) in base 7?
-44443
-683671 (base 10) to base 9
-1251734
Convert -c19b57 (base 13) to base 9.
-8426683
42310203 (base 5) to base 11
2218aa
-331829 (base 12) to base 3
-1112020022220
Convert -1838 (base 13) to base 7.
-13325
Convert -20410124 (base 5) to base 12.
-8205a
-13a4143 (base 11) to base 13
-663544
29aa5a (base 11) to base 16
725e8
What is -14690e (base 15) in base 6?
-33032152
What is -35650324 (base 7) in base 14?
-5c7d14
-12331042 (base 5) to base 4
-131133010
Convert 500204 (base 6) to base 13.
14968
-241150 (base 6) to base 10
-21018
Convert -328478 (base 13) to base 15.
-187602
Convert 68b56 (base 12) to base 16.
22272
Convert -1c8b9 (base 13) to base 14.
-167c9
1022320312 (base 5) to base 4
20031032210
Convert -133a63 (base 11) to base 4.
-303111012
What is 52f45 (base 16) in base 6?
11141021
What is 100100100101101101 (base 2) in base 12?
72891
440030003 (base 5) to base 3
10112100121000
What is 3213011211 (base 4) in base 13?
271aa3
Convert -2e3c38 (base 15) to base 12.
-900622
What is -36997 (base 16) in base 7?
-1621003
What is -e8b59 (base 15) in base 14?
-1530c5
Convert -c57a (base 13) to base 14.
-9d4a
231344 (base 5) to base 3
102110020
-44140234 (base 5) to base 4
-1130330112
224846 (base 10) to base 9
372378
420236 (base 7) to base 13
26ac5
-1156363 (base 8) to base 4
-1031303303
What is -1577a1 (base 13) in base 15?
-a7411
Convert -320023122 (base 4) to base 14.
-5dc02
What is -126051 (base 10) in base 15?
-27536
Convert 18863330 (base 9) to base 10.
9548712
Convert -343657 (base 8) to base 4.
-130132233
123005 (base 11) to base 5
22204311
What is 273585 (base 10) in base 4?
1002302301
Convert -21010121110211 (base 3) to base 12.
-1329b4a
What is -2754706 (base 8) in base 11?
-490562
What is 4234341 (base 6) in base 3?
101112000221
4434341 (base 5) to base 6
1354355
What is 140114040 (base 6) in base 8?
12556750
Convert -52772 (base 12) to base 4.
-122123012
Convert -309509 (base 12) to base 11.
-4810a4
Convert 49c4b2 (base 13) to base 15.
24e406
2020330020 (base 4) to base 5
120422104
-fd23c (base 16) to base 12
-420050
Convert -a1a00 (base 11) to base 9.
-246281
Convert -202023303110 (base 4) to base 10.
-8961236
Convert 1210025 (base 6) to base 11.
437a7
Convert 59312 (base 11) to base 14.
23276
What is -111101101112 (base 3) in base 5?
-31412303
Convert 5635d (base 14) to base 16.
3313f
Convert 508260 (base 9) to base 8.
1114355
Convert 163449 (base 10) to base 9.
268180
Convert -302cc (base 13) to base 8.
-250255
What is 76be2 (base 15) in base 7?
3131015
16a3ab (base 14) to base 3
1111110120222
What is 1d0cd67 (base 14) in base 9?
30346168
What is -2103131122 (base 4) in base 16?
-9375a
Convert -c0366 (base 13) to base 3.
-122102221200
Convert -7ee8 (base 16) to base 13.
-11a31
Convert 2040656 (base 7) to base 5.
30321422
Convert 11245632 (base 7) to base 12.
3b6a36
What is -9909a4 (base 11) in base 9?
-2871616
Convert -11000101010110110000 (base 2) to base 13.
-223c32
Convert 410945 (base 15) to base 13.
84273b
What is 24313032 (base 5) in base 4?
313330112
What is